89
List the prime factors of 10365.
3, 5, 691
What are the prime factors of 3208?
2, 401
What are the prime factors of 5806?
2, 2903
What are the prime factors of 1916?
2, 479
What are the prime factors of 421?
421
List the prime factors of 21257.
29, 733
List the prime factors of 2910.
2, 3, 5, 97
List the prime factors of 71.
71
What are the prime factors of 8090?
2, 5, 809
List the prime factors of 96.
2, 3
List the prime factors of 47324.
2, 11831
What are the prime factors of 1450?
2, 5, 29
List the prime factors of 1221.
3, 11, 37
What are the prime factors of 627?
3, 11, 19
List the prime factors of 522.
2, 3, 29
What are the prime factors of 10161?
3, 1129
List the prime factors of 748.
2, 11, 17
List the prime factors of 1341.
3, 149
List the prime factors of 499.
499
What are the prime factors of 169?
13
What are the prime factors of 38093?
11, 3463
What are the prime factors of 1078?
2, 7, 11
List the prime factors of 3281.
17, 193
List the prime factors of 32816.
2, 7, 293
List the prime factors of 5.
5
What are the prime factors of 92?
2, 23
List the prime factors of 7414.
2, 11, 337
List the prime factors of 19740.
2, 3, 5, 7, 47
List the prime factors of 4792.
2, 599
List the prime factors of 1226.
2, 613
List the prime factors of 28933.
28933
What are the prime factors of 1140?
2, 3, 5, 19
What are the prime factors of 4040?
2, 5, 101
List the prime factors of 262.
2, 131
List the prime factors of 32420.
2, 5, 1621
List the prime factors of 57144.
2, 3, 2381
List the prime factors of 5818.
2, 2909
What are the prime factors of 19639?
41, 479
List the prime factors of 489.
3, 163
List the prime factors of 8477.
7, 173
What are the prime factors of 4363?
4363
List the prime factors of 13449.
3, 4483
What are the prime factors of 1925?
5, 7, 11
What are the prime factors of 10656?
2, 3, 37
List the prime factors of 11242.
2, 7, 11, 73
What are the prime factors of 7639?
7639
What are the prime factors of 1619?
1619
List the prime factors of 32245.
5, 6449
List the prime factors of 250.
2, 5
List the prime factors of 1417.
13, 109
What are the prime factors of 37433?
11, 41, 83
List the prime factors of 67.
67
What are the prime factors of 5646?
2, 3, 941
What are the prime factors of 9553?
41, 233
List the prime factors of 95535.
3, 5, 11, 193
List the prime factors of 33850.
2, 5, 677
What are the prime factors of 1304?
2, 163
List the prime factors of 4454.
2, 17, 131
What are the prime factors of 7352?
2, 919
List the prime factors of 9601.
9601
List the prime factors of 2813.
29, 97
What are the prime factors of 11586?
2, 3, 1931
List the prime factors of 26325.
3, 5, 13
List the prime factors of 105980.
2, 5, 7, 757
List the prime factors of 4549.
4549
List the prime factors of 47541.
3, 13, 23, 53
List the prime factors of 18602.
2, 71, 131
What are the prime factors of 7395?
3, 5, 17, 29
What are the prime factors of 2347?
2347
List the prime factors of 4857.
3, 1619
What are the prime factors of 26410?
2, 5, 19, 139
What are the prime factors of 775?
5, 31
List the prime factors of 6062.
2, 7, 433
List the prime factors of 4387.
41, 107
List the prime factors of 70306.
2, 35153
List the prime factors of 1283.
1283
What are the prime factors of 414?
2, 3, 23
What are the prime factors of 9586?
2, 4793
What are the prime factors of 7556?
2, 1889
What are the prime factors of 38454?
2, 3, 13, 17, 29
What are the prime factors of 1583?
1583
List the prime factors of 19891.
19891
List the prime factors of 384.
2, 3
What are the prime factors of 3769?
3769
List the prime factors of 3260.
2, 5, 163
List the prime factors of 199009.
127, 1567
List the prime factors of 13143.
3, 13, 337
What are the prime factors of 1111?
11, 101
List the prime factors of 1197.
3, 7, 19
What are the prime factors of 5900?
2, 5, 59
What are the prime factors of 18127?
18127
What are the prime factors of 2857?
2857
What are the prime factors of 2447?
2447
What are the prime factors of 29133?
3, 13, 83
List the prime factors of 5923.
5923
What are the prime factors of 1757?
7, 251
List the prime factors of 1041.
3, 347
List the prime factors of 5747.
7, 821
List the prime factors of 3672.
2, 3, 17
What are the prime factors of 18101?
23, 787
List the prime factors of 1050.
2, 3, 5, 7
List the prime factors of 12846.
2, 3, 2141
What are the prime factors of 1653?
3, 19, 29
What are the prime factors of 1465?
5, 293
List the prime factors of 2695.
5, 7, 11
List the prime factors of 1783.
1783
List the prime factors of 7308.
2, 3, 7, 29
List the prime factors of 22518.
2, 3, 139
List the prime factors of 39734.
2, 19867
List the prime factors of 1888.
2, 59
What are the prime factors of 4239?
3, 157
List the prime factors of 33205.
5, 29, 229
List the prime factors of 20527.
13, 1579
List the prime factors of 22040.
2, 5, 19, 29
List the prime factors of 12355.
5, 7, 353
List the prime factors of 20568.
2, 3, 857
What are the prime factors of 9773?
29, 337
List the prime factors of 87616.
2, 37
What are the prime factors of 20217?
3, 23, 293
List the prime factors of 72208.
2, 4513
List the prime factors of 2937.
3, 11, 89
What are the prime factors of 29230?
2, 5, 37, 79
What are the prime factors of 684?
2, 3, 19
List the prime factors of 8321.
53, 157
What are the prime factors of 12736?
2, 199
What are the prime factors of 2725?
5, 109
What are the prime factors of 11667?
3, 3889
List the prime factors of 29728.
2, 929
What are the prime factors of 474?
2, 3, 79
What are the prime factors of 20759?
20759
What are the prime factors of 759?
3, 11, 23
What are the prime factors of 35752?
2, 41, 109
List the prime factors of 23189.
23189
List the prime factors of 6672.
2, 3, 139
What are the prime factors of 38971?
38971
List the prime factors of 2382.
2, 3, 397
List the prime factors of 5748.
2, 3, 479
List the prime factors of 1289.
1289
What are the prime factors of 693?
3, 7, 11
What are the prime factors of 1127?
7, 23
List the prime factors of 13046.
2, 11, 593
What are the prime factors of 3424?
2, 107
What are the prime factors of 1736?
2, 7, 31
List the prime factors of 1059.
3, 353
List the prime factors of 11141.
13, 857
What are the prime factors of 5412?
2, 3, 11, 41
List the prime factors of 20791.
17, 1223
List the prime factors of 2025.
3, 5
What are the prime factors of 10508?
2, 37, 71
List the prime factors of 64674.
2, 3, 3593
List the prime factors of 1433.
1433
List the prime factors of 1310.
2, 5, 131
List the prime factors of 42480.
2, 3, 5, 59
List the prime factors of 17745.
3, 5, 7, 13
What are the prime factors of 3909?
3, 1303
What are the prime factors of 11518?
2, 13, 443
What are the prime factors of 8292?
2, 3, 691
List the prime factors of 3209.
3209
List the prime factors of 4644.
2, 3, 43
What are the prime factors of 41763?
3, 13921
What are the prime factors of 67334?
2, 131, 257
List the prime factors of 956.
2, 239
List the prime factors of 1681.
41
What are the prime factors of 8712?
2, 3, 11
List the prime factors of 297.
3, 11
What are the prime factors of 12703?
12703
What are the prime factors of 1209?
3, 13, 31
What are the prime factors of 1356?
2, 3, 113
List the prime factors of 10566.
2, 3, 587
What are the prime factors of 18163?
41, 443
List the prime factors of 153.
3, 17
What are the prime factors of 33836?
2, 11, 769
List the prime factors of 3229.
3229
List the prime factors of 81119.
81119
What are the prime factors of 8064?
2, 3, 7
List the prime factors of 30489.
3, 10163
What are the prime factors of 323?
17, 19
List the prime factors of 3821.
3821
List the prime factors of 215.
5, 43
List the prime factors of 52356.
2, 3, 4363
List the prime factors of 20082.
2, 3, 3347
What are the prime factors of 366?
2, 3, 61
What are the prime factors of 17347?
11, 19, 83
List the prime factors of 105665.
5, 7, 3019
What are the prime factors of 132253?
11, 1093
What are the prime factors of 58250?
2, 5, 233
What are the prime factors of 9029?
9029
List the prime factors of 822.
2, 3, 137
What are the prime factors of 13516?
2, 31, 109
What are the prime factors of 1872?
2, 3, 13
What are the prime factors of 90954?
2, 3, 31, 163
What are the prime factors of 419?
419
List the prime factors of 1206.
2